{"id":107,"date":"2021-07-22T21:24:43","date_gmt":"2021-07-22T19:24:43","guid":{"rendered":"https:\/\/nolimitloans.com\/blog\/?page_id=107"},"modified":"2022-10-05T21:30:10","modified_gmt":"2022-10-05T19:30:10","slug":"carrieres","status":"publish","type":"page","link":"https:\/\/nolimitloans.com\/blog\/carrieres\/","title":{"rendered":"Carri\u00e8res"},"content":{"rendered":"<p><div class=\"fusion-fullwidth fullwidth-box fusion-builder-row-1 fusion-flex-container nonhundred-percent-fullwidth non-hundred-percent-height-scrolling fusion-no-small-visibility\" style=\"background-color: rgba(255,255,255,0);background-position: center center;background-repeat: no-repeat;border-width: 0px 0px 0px 0px;border-color:#e2e2e2;border-style:solid;\" ><div class=\"fusion-builder-row fusion-row fusion-flex-align-items-flex-start\" style=\"max-width:1248px;margin-left: calc(-4% \/ 2 );margin-right: calc(-4% \/ 2 );\"><div class=\"fusion-layout-column fusion_builder_column fusion-builder-column-0 fusion_builder_column_2_5 2_5 fusion-flex-column\"><div class=\"fusion-column-wrapper fusion-flex-justify-content-flex-start fusion-content-layout-column\" style=\"background-position:left top;background-repeat:no-repeat;-webkit-background-size:cover;-moz-background-size:cover;-o-background-size:cover;background-size:cover;padding: 0px 0px 0px 0px;\"><div class=\"fusion-text fusion-text-1\" style=\"transform:translate3d(0,0,0);\"><h2>POSTES DISPONIBLES<\/h2>\n<\/div><div class=\"fusion-separator fusion-full-width-sep\" style=\"align-self: center;margin-left: auto;margin-right: auto;margin-top:25px;width:100%;\"><\/div><style type=\"text\/css\">#accordion-107-1 .fusion-panel:hover, #accordion-107-1 .fusion-panel.hover{ background-color: #ffffff } #accordion-107-1 .fusion-panel { border-color:rgba(0,0,0,0.2); border-width:1px; background-color:#f7f7f7; }.fusion-accordian  #accordion-107-1 .panel-title a .fa-fusion-box{ color: #029dd1;}.fusion-accordian  #accordion-107-1 .panel-title a .fa-fusion-box:before{ font-size: 16px; width: 16px;}.fusion-accordian  #accordion-107-1.fusion-toggle-icon-right .fusion-toggle-heading{ margin-right: 34px;}.fusion-accordian  #accordion-107-1 .panel-title a{font-size:18px;}.fusion-accordian  #accordion-107-1 .panel-title a:hover, #accordion-107-1 .fusion-toggle-boxed-mode:hover .panel-title a { color: #029dd1;}.fusion-accordian  #accordion-107-1 .fusion-toggle-boxed-mode:hover .panel-title a .fa-fusion-box{ color: #029dd1;}.fusion-accordian  #accordion-107-1.fusion-toggle-icon-unboxed .fusion-panel .panel-title a:hover .fa-fusion-box{ color: #029dd1 !important;}<\/style><div class=\"accordian fusion-accordian\"><div class=\"panel-group fusion-toggle-icon-right fusion-toggle-icon-unboxed\" id=\"accordion-107-1\" role=\"tablist\"><div class=\"fusion-panel panel-default fusion-toggle-no-divider fusion-toggle-boxed-mode\" role=\"tabpanel\"><div class=\"panel-heading\"><h4 class=\"panel-title toggle\"><a aria-expanded=\"false\" aria-selected=\"false\" aria-controls=\"3face5d87a16e2bd5\" role=\"tab\" data-toggle=\"collapse\" data-parent=\"#accordion-107-1\" data-target=\"#3face5d87a16e2bd5\" href=\"#3face5d87a16e2bd5\"><span class=\"fusion-toggle-icon-wrapper\" aria-hidden=\"true\"><i class=\"fa-fusion-box\" aria-hidden=\"true\"><\/i><\/span><span class=\"fusion-toggle-heading\">ADJOINT\/E ADMINISTRATIVE<\/span><\/a><\/h4><\/div><div id=\"3face5d87a16e2bd5\" class=\"panel-collapse collapse \"><div class=\"panel-body toggle-content fusion-clearfix\">\n<h4><strong>Poste temps PLEIN ou temps PARTIEL<\/strong><\/h4>\n<ul>\n<li>Un emploi sur la rive-sud de Montr\u00e9al, \u00e0 Saint-Lambert, en mode pr\u00e9sentiel t\u00e9l\u00e9travail<\/li>\n<li>Flexibilit\u00e9 au niveau de l&#8217;horaire de travail<\/li>\n<\/ul>\n<p><strong>Description du poste de commis \u00e0 la saisie de donn\u00e9e<\/strong><\/p>\n<p>Un commis \u00e0 la saisie de donn\u00e9es est une personne qui met \u00e0 jour et saisit des informations dans une base de donn\u00e9es d&#8217;entreprise.<br \/>\nLes principales responsabilit\u00e9s d&#8217;un commis \u00e0 la saisie de donn\u00e9es comprennent l&#8217;exportation de donn\u00e9es dans des bases de donn\u00e9es informatiques,<br \/>\nl&#8217;ex\u00e9cution de recherches de donn\u00e9es et le classement appropri\u00e9 de documents num\u00e9riques.<\/p>\n<p>Effectuer la saisie de donn\u00e9es informatis\u00e9es. Vous mettrez \u00e0 jour des informations dans nos syst\u00e8mes \u00e0 l&#8217;aide des logiciels mis \u00e0 votre disposition.<\/p>\n<h5><strong>EXIGENCES\u00a0<\/strong><\/h5>\n<ul>\n<li>Exp\u00e9rience en saisie de donn\u00e9es<\/li>\n<li>Grande habilet\u00e9 \u00e0 analyser un document et \u00e0 le traiter<\/li>\n<li>Habilet\u00e9 \u00e0 travailler dans un environnement o\u00f9 le rythme est rapide et multit\u00e2ches<\/li>\n<li>Faire preuve de rigueur professionnelle et de minutie<\/li>\n<li>Entregent et esprit d&#8217;\u00e9quipe<\/li>\n<li>Capacit\u00e9 \u00e0 travailler dans un endroit dynamique o\u00f9 il peut y avoir beaucoup de circulation de personnel<\/li>\n<\/ul>\n<\/div><\/div><\/div><div class=\"fusion-panel panel-default fusion-toggle-no-divider fusion-toggle-boxed-mode\" role=\"tabpanel\"><div class=\"panel-heading\"><h4 class=\"panel-title toggle\"><a aria-expanded=\"false\" aria-selected=\"false\" aria-controls=\"288c983eda648df01\" role=\"tab\" data-toggle=\"collapse\" data-parent=\"#accordion-107-1\" data-target=\"#288c983eda648df01\" href=\"#288c983eda648df01\"><span class=\"fusion-toggle-icon-wrapper\" aria-hidden=\"true\"><i class=\"fa-fusion-box\" aria-hidden=\"true\"><\/i><\/span><span class=\"fusion-toggle-heading\">DIRECTEUR DE COMPTE<\/span><\/a><\/h4><\/div><div id=\"288c983eda648df01\" class=\"panel-collapse collapse \"><div class=\"panel-body toggle-content fusion-clearfix\">\n<p><strong>Description du poste<\/strong><\/p>\n<p>Le directeur de compte (g\u00e9rant de district), a pour tache de faire connaitre les services de No Limit Loans a une clientele cibl\u00e9e. A tous les jours, l&#8217;emploi consiste entre autres a faire de nombreuses visites de particulier pour les informer de notre offre de services ainsi qu&#8217;a faire la prospection de nouveaux clients.<\/p>\n<p><strong>Qualifications<\/strong><\/p>\n<ul class=\"list list-arrow\">\n<li>Posseder un vehicule avec un permis de conduire valide<\/li>\n<li>Avoir de l&#8217;entregent<\/li>\n<li>Avoir des connaissances en immobilier<\/li>\n<li>Avoir une attitude securisante et convaincante<\/li>\n<li>Chercher a toujours apprendre et desirer constamment s&#8217;ameliorer<\/li>\n<li>Aspirer a satisfaire les clients avec de solides competences en communication<\/li>\n<li>Aimer encourager les fortes relations sociales<\/li>\n<li>Avoir un an d&#8217;experience dans la vente est un atout<\/li>\n<li>\u00catre disponible a temps plein ou temps partiel et vouloir travailler avec des horaires flexibles et varies<\/li>\n<\/ul>\n<\/div><\/div><\/div><\/div><\/div><\/div><\/div><style type=\"text\/css\">.fusion-body .fusion-builder-column-0{width:40% !important;margin-top : 0px;margin-bottom : 0px;}.fusion-builder-column-0 > .fusion-column-wrapper {padding-top : 0px !important;padding-right : 0px !important;margin-right : 4.8%;padding-bottom : 0px !important;padding-left : 0px !important;margin-left : 4.8%;}@media only screen and (max-width:1024px) {.fusion-body .fusion-builder-column-0{width:40% !important;order : 0;}.fusion-builder-column-0 > .fusion-column-wrapper {margin-right : 4.8%;margin-left : 4.8%;}}@media only screen and (max-width:640px) {.fusion-body .fusion-builder-column-0{width:100% !important;order : 0;}.fusion-builder-column-0 > .fusion-column-wrapper {margin-right : 1.92%;margin-left : 1.92%;}}<\/style><div class=\"fusion-layout-column fusion_builder_column fusion-builder-column-1 fusion_builder_column_3_5 3_5 fusion-flex-column\"><div class=\"fusion-column-wrapper fusion-flex-justify-content-flex-start fusion-content-layout-column\" style=\"background-position:left top;background-repeat:no-repeat;-webkit-background-size:cover;-moz-background-size:cover;-o-background-size:cover;background-size:cover;padding: 0px 0px 0px 0px;\"><div class=\"fusion-text fusion-text-2\" style=\"transform:translate3d(0,0,0);\"><h2>CANDIDATURE SPONTAN\u00c9E<\/h2>\n<\/div><div class=\"fusion-separator fusion-full-width-sep\" style=\"align-self: center;margin-left: auto;margin-right: auto;margin-top:25px;width:100%;\"><\/div>\n<div class=\"wpcf7 no-js\" id=\"wpcf7-f212-o1\" lang=\"fr-FR\" dir=\"ltr\" data-wpcf7-id=\"212\">\n<div class=\"screen-reader-response\"><p role=\"status\" aria-live=\"polite\" aria-atomic=\"true\"><\/p> <ul><\/ul><\/div>\n<form action=\"\/blog\/wp-json\/wp\/v2\/pages\/107#wpcf7-f212-o1\" method=\"post\" class=\"wpcf7-form init\" aria-label=\"Formulaire de contact\" enctype=\"multipart\/form-data\" novalidate=\"novalidate\" data-status=\"init\">\n<div style=\"display: none;\">\n<input type=\"hidden\" name=\"_wpcf7\" value=\"212\" \/>\n<input type=\"hidden\" name=\"_wpcf7_version\" value=\"6.0.6\" \/>\n<input type=\"hidden\" name=\"_wpcf7_locale\" value=\"fr_FR\" \/>\n<input type=\"hidden\" name=\"_wpcf7_unit_tag\" value=\"wpcf7-f212-o1\" \/>\n<input type=\"hidden\" name=\"_wpcf7_container_post\" value=\"0\" \/>\n<input type=\"hidden\" name=\"_wpcf7_posted_data_hash\" value=\"\" \/>\n<\/div>\n<p><span class=\"wpcf7-form-control-wrap\" data-name=\"your-name\"><input size=\"40\" maxlength=\"400\" class=\"wpcf7-form-control wpcf7-text wpcf7-validates-as-required\" aria-required=\"true\" aria-invalid=\"false\" placeholder=\"Nom*\" value=\"\" type=\"text\" name=\"your-name\" \/><\/span>\n<\/p>\n<p><span class=\"wpcf7-form-control-wrap\" data-name=\"your-email\"><input size=\"40\" maxlength=\"400\" class=\"wpcf7-form-control wpcf7-email wpcf7-validates-as-required wpcf7-text wpcf7-validates-as-email\" aria-required=\"true\" aria-invalid=\"false\" placeholder=\"Courriel*\" value=\"\" type=\"email\" name=\"your-email\" \/><\/span>\n<\/p>\n<p><span class=\"wpcf7-form-control-wrap\" data-name=\"your-phone\"><input size=\"40\" maxlength=\"400\" class=\"wpcf7-form-control wpcf7-text wpcf7-validates-as-required\" aria-required=\"true\" aria-invalid=\"false\" placeholder=\"T\u00e9l\u00e9phone*\" value=\"\" type=\"text\" name=\"your-phone\" \/><\/span>\n<\/p>\n<p><span class=\"wpcf7-form-control-wrap\" data-name=\"your-poste\"><input size=\"40\" maxlength=\"400\" class=\"wpcf7-form-control wpcf7-text wpcf7-validates-as-required\" aria-required=\"true\" aria-invalid=\"false\" placeholder=\"Pour quel poste vous appliquez\" value=\"\" type=\"text\" name=\"your-poste\" \/><\/span>\n<\/p>\n<p><span class=\"wpcf7-form-control-wrap\" data-name=\"file-226\"><input size=\"40\" class=\"wpcf7-form-control wpcf7-file\" accept=\"audio\/*,video\/*,image\/*\" aria-invalid=\"false\" type=\"file\" name=\"file-226\" \/><\/span>\n<\/p>\n<p><span class=\"wpcf7-form-control-wrap\" data-name=\"your-message\"><textarea cols=\"40\" rows=\"10\" maxlength=\"2000\" class=\"wpcf7-form-control wpcf7-textarea\" aria-invalid=\"false\" placeholder=\"Message*\" name=\"your-message\"><\/textarea><\/span>\n<\/p>\n<p>[anr_nocaptcha g-recaptcha-response]\n<\/p>\n<p><input class=\"wpcf7-form-control wpcf7-submit has-spinner\" type=\"submit\" value=\"ENVOYER\" \/>\n<\/p><div class=\"fusion-alert alert custom alert-custom fusion-alert-center wpcf7-response-output alert-dismissable\" style=\"border-width:1px;\"><button type=\"button\" class=\"close toggle-alert\" data-dismiss=\"alert\" aria-hidden=\"true\">&times;<\/button><div class=\"fusion-alert-content-wrapper\"><span class=\"fusion-alert-content\"><\/span><\/div><\/div>\n<\/form>\n<\/div>\n<\/div><\/div><style type=\"text\/css\">.fusion-body .fusion-builder-column-1{width:60% !important;margin-top : 0px;margin-bottom : 0px;}.fusion-builder-column-1 > .fusion-column-wrapper {padding-top : 0px !important;padding-right : 0px !important;margin-right : 3.2%;padding-bottom : 0px !important;padding-left : 0px !important;margin-left : 3.2%;}@media only screen and (max-width:1024px) {.fusion-body .fusion-builder-column-1{width:60% !important;order : 0;}.fusion-builder-column-1 > .fusion-column-wrapper {margin-right : 3.2%;margin-left : 3.2%;}}@media only screen and (max-width:640px) {.fusion-body .fusion-builder-column-1{width:100% !important;order : 0;}.fusion-builder-column-1 > .fusion-column-wrapper {margin-right : 1.92%;margin-left : 1.92%;}}<\/style><\/div><style type=\"text\/css\">.fusion-body .fusion-flex-container.fusion-builder-row-1{ padding-top : 80px;margin-top : 0px;padding-right : 0px;padding-bottom : 80px;margin-bottom : 0px;padding-left : 0px;}<\/style><\/div><div class=\"fusion-fullwidth fullwidth-box fusion-builder-row-2 fusion-flex-container nonhundred-percent-fullwidth non-hundred-percent-height-scrolling fusion-no-medium-visibility fusion-no-large-visibility\" style=\"background-color: rgba(255,255,255,0);background-position: center center;background-repeat: no-repeat;border-width: 0px 0px 0px 0px;border-color:#e2e2e2;border-style:solid;\" ><div class=\"fusion-builder-row fusion-row fusion-flex-align-items-flex-start\" style=\"max-width:1248px;margin-left: calc(-4% \/ 2 );margin-right: calc(-4% \/ 2 );\"><div class=\"fusion-layout-column fusion_builder_column fusion-builder-column-2 fusion_builder_column_1_1 1_1 fusion-flex-column\"><div class=\"fusion-column-wrapper fusion-flex-justify-content-flex-start fusion-content-layout-column\" style=\"background-position:left top;background-repeat:no-repeat;-webkit-background-size:cover;-moz-background-size:cover;-o-background-size:cover;background-size:cover;padding: 0px 0px 0px 0px;\"><div class=\"fusion-text fusion-text-3\" style=\"transform:translate3d(0,0,0);\"><h2>POSTES DISPONIBLES<\/h2>\n<\/div><div class=\"fusion-separator fusion-full-width-sep\" style=\"align-self: center;margin-left: auto;margin-right: auto;margin-top:10px;width:100%;\"><\/div><style type=\"text\/css\">#accordion-107-2 .fusion-panel:hover, #accordion-107-2 .fusion-panel.hover{ background-color: #ffffff } #accordion-107-2 .fusion-panel { border-color:rgba(0,0,0,0.2); border-width:1px; background-color:#f7f7f7; }.fusion-accordian  #accordion-107-2 .panel-title a .fa-fusion-box{ color: #029dd1;}.fusion-accordian  #accordion-107-2 .panel-title a .fa-fusion-box:before{ font-size: 16px; width: 16px;}.fusion-accordian  #accordion-107-2.fusion-toggle-icon-right .fusion-toggle-heading{ margin-right: 34px;}.fusion-accordian  #accordion-107-2 .panel-title a{font-size:18px;}.fusion-accordian  #accordion-107-2 .panel-title a:hover, #accordion-107-2 .fusion-toggle-boxed-mode:hover .panel-title a { color: #029dd1;}.fusion-accordian  #accordion-107-2 .fusion-toggle-boxed-mode:hover .panel-title a .fa-fusion-box{ color: #029dd1;}.fusion-accordian  #accordion-107-2.fusion-toggle-icon-unboxed .fusion-panel .panel-title a:hover .fa-fusion-box{ color: #029dd1 !important;}<\/style><div class=\"accordian fusion-accordian\"><div class=\"panel-group fusion-toggle-icon-right fusion-toggle-icon-unboxed\" id=\"accordion-107-2\" role=\"tablist\"><div class=\"fusion-panel panel-default fusion-toggle-no-divider fusion-toggle-boxed-mode\" role=\"tabpanel\"><div class=\"panel-heading\"><h4 class=\"panel-title toggle\"><a aria-expanded=\"false\" aria-selected=\"false\" aria-controls=\"8bd096cfa56b27037\" role=\"tab\" data-toggle=\"collapse\" data-parent=\"#accordion-107-2\" data-target=\"#8bd096cfa56b27037\" href=\"#8bd096cfa56b27037\"><span class=\"fusion-toggle-icon-wrapper\" aria-hidden=\"true\"><i class=\"fa-fusion-box\" aria-hidden=\"true\"><\/i><\/span><span class=\"fusion-toggle-heading\">ADJOINT\/E ADMINISTRATIVE<\/span><\/a><\/h4><\/div><div id=\"8bd096cfa56b27037\" class=\"panel-collapse collapse \"><div class=\"panel-body toggle-content fusion-clearfix\">\n<h4><strong>Poste temps PLEIN ou temps PARTIEL<\/strong><\/h4>\n<ul>\n<li>Un emploi sur la rive-sud de Montr\u00e9al, \u00e0 Saint-Lambert, en mode pr\u00e9sentiel t\u00e9l\u00e9travail<\/li>\n<li>Flexibilit\u00e9 au niveau de l&#8217;horaire de travail<\/li>\n<\/ul>\n<p><strong>Description du poste de commis \u00e0 la saisie de donn\u00e9e<\/strong><\/p>\n<p>Un commis \u00e0 la saisie de donn\u00e9es est une personne qui met \u00e0 jour et saisit des informations dans une base de donn\u00e9es d&#8217;entreprise.<br \/>\nLes principales responsabilit\u00e9s d&#8217;un commis \u00e0 la saisie de donn\u00e9es comprennent l&#8217;exportation de donn\u00e9es dans des bases de donn\u00e9es informatiques,<br \/>\nl&#8217;ex\u00e9cution de recherches de donn\u00e9es et le classement appropri\u00e9 de documents num\u00e9riques.<\/p>\n<p>Effectuer la saisie de donn\u00e9es informatis\u00e9es. Vous mettrez \u00e0 jour des informations dans nos syst\u00e8mes \u00e0 l&#8217;aide des logiciels mis \u00e0 votre disposition.<\/p>\n<h5><strong>EXIGENCES\u00a0<\/strong><\/h5>\n<ul>\n<li>\u00a0Exp\u00e9rience en saisie de donn\u00e9es, analyses de documents<\/li>\n<li>Grande habilet\u00e9 \u00e0 analyser un document et \u00e0 le traiter<\/li>\n<li>Habilet\u00e9 \u00e0 travailler dans un environnement o\u00f9 le rythme est rapide et multit\u00e2ches<\/li>\n<li>Faire preuve de rigueur professionnelle et de minutie<\/li>\n<li>Entregent et esprit d&#8217;\u00e9quipe<\/li>\n<li>Capacit\u00e9 \u00e0 travailler dans un endroit dynamique o\u00f9 il peut y avoir beaucoup de circulation de personnel<\/li>\n<\/ul>\n<\/div><\/div><\/div><div class=\"fusion-panel panel-default fusion-toggle-no-divider fusion-toggle-boxed-mode\" role=\"tabpanel\"><div class=\"panel-heading\"><h4 class=\"panel-title toggle\"><a aria-expanded=\"false\" aria-selected=\"false\" aria-controls=\"5d9694c40c7403506\" role=\"tab\" data-toggle=\"collapse\" data-parent=\"#accordion-107-2\" data-target=\"#5d9694c40c7403506\" href=\"#5d9694c40c7403506\"><span class=\"fusion-toggle-icon-wrapper\" aria-hidden=\"true\"><i class=\"fa-fusion-box\" aria-hidden=\"true\"><\/i><\/span><span class=\"fusion-toggle-heading\">DIRECTEUR DE COMPTE<\/span><\/a><\/h4><\/div><div id=\"5d9694c40c7403506\" class=\"panel-collapse collapse \"><div class=\"panel-body toggle-content fusion-clearfix\">\n<p><strong>Description du poste<\/strong><\/p>\n<p>Le directeur de compte (g\u00e9rant de district), a pour tache de faire connaitre les services de No Limit Loans a une clientele cibl\u00e9e. A tous les jours, l&#8217;emploi consiste entre autres a faire de nombreuses visites de particulier pour les informer de notre offre de services ainsi qu&#8217;a faire la prospection de nouveaux clients.<\/p>\n<p><strong>Qualifications<\/strong><\/p>\n<ul class=\"list list-arrow\">\n<li>Posseder un vehicule avec un permis de conduire valide<\/li>\n<li>Avoir de l&#8217;entregent<\/li>\n<li>Avoir des connaissances en immobilier<\/li>\n<li>Avoir une attitude securisante et convaincante<\/li>\n<li>Chercher a toujours apprendre et desirer constamment s&#8217;ameliorer<\/li>\n<li>Aspirer a satisfaire les clients avec de solides competences en communication<\/li>\n<li>Aimer encourager les fortes relations sociales<\/li>\n<li>Avoir un an d&#8217;experience dans la vente est un atout<\/li>\n<li>\u00catre disponible a temps plein ou temps partiel et vouloir travailler avec des horaires flexibles et varies<\/li>\n<\/ul>\n<\/div><\/div><\/div><\/div><\/div><\/div><\/div><style type=\"text\/css\">.fusion-body .fusion-builder-column-2{width:100% !important;margin-top : 0px;margin-bottom : 30px;}.fusion-builder-column-2 > .fusion-column-wrapper {padding-top : 0px !important;padding-right : 0px !important;margin-right : 1.92%;padding-bottom : 0px !important;padding-left : 0px !important;margin-left : 1.92%;}@media only screen and (max-width:1024px) {.fusion-body .fusion-builder-column-2{width:100% !important;order : 0;}.fusion-builder-column-2 > .fusion-column-wrapper {margin-right : 1.92%;margin-left : 1.92%;}}@media only screen and (max-width:640px) {.fusion-body .fusion-builder-column-2{width:100% !important;order : 0;}.fusion-builder-column-2 > .fusion-column-wrapper {margin-right : 1.92%;margin-left : 1.92%;}}<\/style><div class=\"fusion-layout-column fusion_builder_column fusion-builder-column-3 fusion_builder_column_1_1 1_1 fusion-flex-column\"><div class=\"fusion-column-wrapper fusion-flex-justify-content-flex-start fusion-content-layout-column\" style=\"background-position:left top;background-repeat:no-repeat;-webkit-background-size:cover;-moz-background-size:cover;-o-background-size:cover;background-size:cover;padding: 0px 0px 0px 0px;\"><div class=\"fusion-text fusion-text-4\" style=\"transform:translate3d(0,0,0);\"><h2>CANDIDATURE SPONTAN\u00c9E<\/h2>\n<\/div><div class=\"fusion-separator fusion-full-width-sep\" style=\"align-self: center;margin-left: auto;margin-right: auto;margin-top:10px;width:100%;\"><\/div>\n<div class=\"wpcf7 no-js\" id=\"wpcf7-f212-o2\" lang=\"fr-FR\" dir=\"ltr\" data-wpcf7-id=\"212\">\n<div class=\"screen-reader-response\"><p role=\"status\" aria-live=\"polite\" aria-atomic=\"true\"><\/p> <ul><\/ul><\/div>\n<form action=\"\/blog\/wp-json\/wp\/v2\/pages\/107#wpcf7-f212-o2\" method=\"post\" class=\"wpcf7-form init\" aria-label=\"Formulaire de contact\" enctype=\"multipart\/form-data\" novalidate=\"novalidate\" data-status=\"init\">\n<div style=\"display: none;\">\n<input type=\"hidden\" name=\"_wpcf7\" value=\"212\" \/>\n<input type=\"hidden\" name=\"_wpcf7_version\" value=\"6.0.6\" \/>\n<input type=\"hidden\" name=\"_wpcf7_locale\" value=\"fr_FR\" \/>\n<input type=\"hidden\" name=\"_wpcf7_unit_tag\" value=\"wpcf7-f212-o2\" \/>\n<input type=\"hidden\" name=\"_wpcf7_container_post\" value=\"0\" \/>\n<input type=\"hidden\" name=\"_wpcf7_posted_data_hash\" value=\"\" \/>\n<\/div>\n<p><span class=\"wpcf7-form-control-wrap\" data-name=\"your-name\"><input size=\"40\" maxlength=\"400\" class=\"wpcf7-form-control wpcf7-text wpcf7-validates-as-required\" aria-required=\"true\" aria-invalid=\"false\" placeholder=\"Nom*\" value=\"\" type=\"text\" name=\"your-name\" \/><\/span>\n<\/p>\n<p><span class=\"wpcf7-form-control-wrap\" data-name=\"your-email\"><input size=\"40\" maxlength=\"400\" class=\"wpcf7-form-control wpcf7-email wpcf7-validates-as-required wpcf7-text wpcf7-validates-as-email\" aria-required=\"true\" aria-invalid=\"false\" placeholder=\"Courriel*\" value=\"\" type=\"email\" name=\"your-email\" \/><\/span>\n<\/p>\n<p><span class=\"wpcf7-form-control-wrap\" data-name=\"your-phone\"><input size=\"40\" maxlength=\"400\" class=\"wpcf7-form-control wpcf7-text wpcf7-validates-as-required\" aria-required=\"true\" aria-invalid=\"false\" placeholder=\"T\u00e9l\u00e9phone*\" value=\"\" type=\"text\" name=\"your-phone\" \/><\/span>\n<\/p>\n<p><span class=\"wpcf7-form-control-wrap\" data-name=\"your-poste\"><input size=\"40\" maxlength=\"400\" class=\"wpcf7-form-control wpcf7-text wpcf7-validates-as-required\" aria-required=\"true\" aria-invalid=\"false\" placeholder=\"Pour quel poste vous appliquez\" value=\"\" type=\"text\" name=\"your-poste\" \/><\/span>\n<\/p>\n<p><span class=\"wpcf7-form-control-wrap\" data-name=\"file-226\"><input size=\"40\" class=\"wpcf7-form-control wpcf7-file\" accept=\"audio\/*,video\/*,image\/*\" aria-invalid=\"false\" type=\"file\" name=\"file-226\" \/><\/span>\n<\/p>\n<p><span class=\"wpcf7-form-control-wrap\" data-name=\"your-message\"><textarea cols=\"40\" rows=\"10\" maxlength=\"2000\" class=\"wpcf7-form-control wpcf7-textarea\" aria-invalid=\"false\" placeholder=\"Message*\" name=\"your-message\"><\/textarea><\/span>\n<\/p>\n<p>[anr_nocaptcha g-recaptcha-response]\n<\/p>\n<p><input class=\"wpcf7-form-control wpcf7-submit has-spinner\" type=\"submit\" value=\"ENVOYER\" \/>\n<\/p><div class=\"fusion-alert alert custom alert-custom fusion-alert-center wpcf7-response-output alert-dismissable\" style=\"border-width:1px;\"><button type=\"button\" class=\"close toggle-alert\" data-dismiss=\"alert\" aria-hidden=\"true\">&times;<\/button><div class=\"fusion-alert-content-wrapper\"><span class=\"fusion-alert-content\"><\/span><\/div><\/div>\n<\/form>\n<\/div>\n<\/div><\/div><style type=\"text\/css\">.fusion-body .fusion-builder-column-3{width:100% !important;margin-top : 0px;margin-bottom : 0px;}.fusion-builder-column-3 > .fusion-column-wrapper {padding-top : 0px !important;padding-right : 0px !important;margin-right : 1.92%;padding-bottom : 0px !important;padding-left : 0px !important;margin-left : 1.92%;}@media only screen and (max-width:1024px) {.fusion-body .fusion-builder-column-3{width:100% !important;order : 0;}.fusion-builder-column-3 > .fusion-column-wrapper {margin-right : 1.92%;margin-left : 1.92%;}}@media only screen and (max-width:640px) {.fusion-body .fusion-builder-column-3{width:100% !important;order : 0;}.fusion-builder-column-3 > .fusion-column-wrapper {margin-right : 1.92%;margin-left : 1.92%;}}<\/style><\/div><style type=\"text\/css\">.fusion-body .fusion-flex-container.fusion-builder-row-2{ padding-top : 50px;margin-top : 0px;padding-right : 0px;padding-bottom : 50px;margin-bottom : 0px;padding-left : 0px;}<\/style><\/div><\/p>\n","protected":false},"excerpt":{"rendered":"","protected":false},"author":1,"featured_media":0,"parent":0,"menu_order":0,"comment_status":"closed","ping_status":"closed","template":"100-width.php","meta":{"footnotes":""},"class_list":["post-107","page","type-page","status-publish","hentry"],"_links":{"self":[{"href":"https:\/\/nolimitloans.com\/blog\/wp-json\/wp\/v2\/pages\/107","targetHints":{"allow":["GET"]}}],"collection":[{"href":"https:\/\/nolimitloans.com\/blog\/wp-json\/wp\/v2\/pages"}],"about":[{"href":"https:\/\/nolimitloans.com\/blog\/wp-json\/wp\/v2\/types\/page"}],"author":[{"embeddable":true,"href":"https:\/\/nolimitloans.com\/blog\/wp-json\/wp\/v2\/users\/1"}],"replies":[{"embeddable":true,"href":"https:\/\/nolimitloans.com\/blog\/wp-json\/wp\/v2\/comments?post=107"}],"version-history":[{"count":23,"href":"https:\/\/nolimitloans.com\/blog\/wp-json\/wp\/v2\/pages\/107\/revisions"}],"predecessor-version":[{"id":346,"href":"https:\/\/nolimitloans.com\/blog\/wp-json\/wp\/v2\/pages\/107\/revisions\/346"}],"wp:attachment":[{"href":"https:\/\/nolimitloans.com\/blog\/wp-json\/wp\/v2\/media?parent=107"}],"curies":[{"name":"wp","href":"https:\/\/api.w.org\/{rel}","templated":true}]}}